= -4*u + 5*p, -u + 4528 = p. What is the units digit of u?
7
Let f = 436 + -116. Suppose -4*d - f = -3*v, 4*v + 2*d - 385 = -d. What is the hundreds digit of v?
1
Let g be (1 + -2)/(1/(-4)). Suppose 0 = 25*m - 27*m + 112. Suppose -4*q + 3 = 3*j - 4*j, 0 = -g*j - q + m. What is the units digit of j?
3
Let q(k) = -k**2 + k - 9. Let l be q(0). Let r(i) = 7 + 651*i - 1 - 646*i + 2 + i**2. What is the tens digit of r(l)?
4
Let j(a) = a - 7. Let b be j(5). What is the units digit of b*4/12 - (-503)/3?
7
Suppose 3 = -8*j - 269. What is the units digit of (4/10)/((-4)/(-10)) - j?
5
Let v = 4149 + -979. What is the tens digit of v?
7
Suppose 23 = 4*m - 3*h, -3*m - 3*h - 1 = 8. Let y(z) = 2*z - 3. Let x be y(m). What is the units digit of 2/(4/58) + x?
0
Let d be ((-4)/3)/((-4)/354). Let c = d + -28. What is the units digit of c?
0
Suppose -5*z + 2*z = -2*a - 20, 5*a + 39 = 2*z. What is the units digit of ((-35)/4)/(a/28)?
5
Suppose 122*m = 101*m + 29190. What is the thousands digit of m?
1
Suppose 0 = -11*a + 9*a + 1930. What is the tens digit of a?
6
Let a = 2308 - 1051. What is the thousands digit of a?
1
Let i(b) = -b**3 - 10*b**2 - 12*b. Let r be i(-8). Let m = 72 + r. Suppose -3*a - 4*c + 25 = -0*a, c - m = -3*a. What is the units digit of a?
5
Let h be (1 - 1)/(8/(-4)). Suppose 5*k = 2*l + 323, h*k - 2*l + 262 = 4*k. Let j = -46 + k. What is the tens digit of j?
1
What is the units digit of -65*((-330)/25)/11?
8
Let a = -1249 - -2380. What is the thousands digit of a?
1
Suppose -6*i = 4*i + 70. Let j(f) = 2*f**2 + 5*f + 15. What is the units digit of j(i)?
8
Let g(w) = 73*w + 4. Let q be g(-13). Let r be (q/60)/((-2)/8). Suppose 0*x + r = 3*x. What is the units digit of x?
1
Let y be (244/10)/(4/10). Let w = y - 16. What is the units digit of w?
5
Suppose -5*s + 1336 = m, -808 = s - 4*s + m. What is the hundreds digit of s?
2
Let u be -2*3/(-4) - (-1015)/10. Let h = u - -170. What is the tens digit of h?
7
Let y(v) = -v**3 - 17*v**2 + 23*v + 1. Let a be y(-18). Let n = a - -145. What is the tens digit of n?
5
What is the tens digit of (-3)/9 + 1670/6?
7
Let g(l) = -4*l + 5. Let n(q) = -5*q**3 - q**2 - q - 1. Let f be n(-1). Suppose 3*c = 4*a + 1, 4*c - f*a = 5*c + 21. What is the units digit of g(c)?
5
Let d = -561 + 752. What is the units digit of d?
1
Let q = 141 + -72. Suppose -x = -61 - q. What is the units digit of x?
0
Let n = 49 + -49. Suppose n = 5*l - 8*l + 3. What is the units digit of l?
1
Suppose -35 + 99 = 4*i. Suppose i = -g - 11. Let k = 61 + g. What is the tens digit of k?
3
Suppose -5*q - 478 = -3*l, 3*q - 7*q = 5*l + 412. Let p = -11 - q. What is the units digit of p?
7
What is the hundreds digit of 17/(51/(-9))*(-276 - 1)?
8
Suppose -33*c = -27*c + 18. Let h(z) = -9*z**3 - z**2 - 4*z - 7. What is the tens digit of h(c)?
3
Let j(w) = -w - 7. Let k be j(-3). What is the hundreds digit of 18/(k/10*(-35)/119)?
1
Let x(j) = -6*j - 1. Let o be x(1). Let y = o - -13. What is the units digit of 3 + 21/y*2?
0
Let a(u) = 7 + 3*u**2 - 2*u**2 + 4*u + 0*u. Suppose 625*r + 10 = 623*r. What is the units digit of a(r)?
2
Let o(w) = -16*w**3 - 13*w**2 + 9*w + 72. What is the units digit of o(-7)?
0
Let y(x) = -x**2 + 9*x + 14. Let w be y(10). Suppose -w*o - 2*l = -38, -4*o + 4*l - 5*l + 33 = 0. Suppose -2*r = -o*r + 45. What is the units digit of r?
9
Let n = 44 - 46. What is the tens digit of (-8)/n + 98 + -6?
9
Let m(u) = -u**3 + 11*u**2 + u - 5. Let r be m(11). Let x(o) = 5 + 17*o**2 + o + 0 - r. What is the units digit of x(1)?
7
Let v = 1815 + -741. What is the tens digit of v?
7
Suppose 5*l + r = 2*r - 1338, -1334 = 5*l - 3*r. Let m = l - -489. What is the units digit of m?
1
Suppose 0 = r + 2*n - 1978, -64*n = -3*r - 61*n + 5934. What is the tens digit of r?
7
Let j be (-2)/8 + ((-2185)/(-20) - -7). Suppose -5*c - j = -6*c. What is the units digit of c?
6
Suppose -30778 = -214*j + 192*j. What is the hundreds digit of j?
3
What is the units digit of ((-10)/(-20))/(662/(-332) - -2)?
3
Suppose -184 = -5*k - 2*n, -k - 7*n + 26 = -12*n. What is the units digit of k?
6
Let r be (-4)/3*135/(-18). Suppose -610 = -r*z + 210. What is the units digit of z?
2
Let r(w) = 3*w**3 - 7*w**2 + 11*w - 12. Let s be r(5). Suppose 21 = -3*h + s. What is the units digit of h?
4
Let k = 1034 + 1375. What is the units digit of k?
9
Suppose 505325 - 111796 = 97*p. What is the tens digit of p?
5
Let p = -5 - -8. Suppose 0 = -4*s - b + 174, -2*s + 3*b + 209 = p*s. What is the units digit of s?
3
Suppose -h = -5*u - 87, h + 0*u + u - 87 = 0. Suppose -4*m = 117 + h. Let c = -30 - m. What is the tens digit of c?
2
Let v be (-1)/(-2)*(-183 - 7). Let z = v - -172. What is the tens digit of z?
7
Suppose -13*v = -85 + 7. What is the units digit of v?
6
Let y = 56 - 56. Suppose 11*p - 384 - 463 = y. What is the tens digit of p?
7
Let l(o) = o**3 - 12*o - 1. Let n be l(5). Suppose -5*x - 14 = -n. What is the units digit of x?
0
What is the tens digit of 8340/(-40)*80/(-12)?
9
What is the tens digit of 9486/22 + (13/(-11) - -1)?
3
Let f be (1/(-3))/(9/(-54)). Let b be (0 + f)/((-14)/(-1673)). Let t = -166 + b. What is the tens digit of t?
7
Let l(n) = -n**3. Let i(c) = -2*c**3 - 12*c**2 - 6*c - 6. Let q(p) = i(p) - 3*l(p). Let d be q(14). Suppose -5*k + 103 = -d. What is the units digit of k?
1
Suppose 0 = -3*d + 4 + 8. Suppose l = -l + d*p + 14, -5*p = -l - 5. What is the tens digit of l?
1
Suppose 20*g + 394 = 10814. What is the hundreds digit of g?
5
Let n(v) = 53*v**2 + 5*v + 14. What is the units digit of n(-3)?
6
Let k = -171 - -746. What is the hundreds digit of k?
5
Suppose 2*d + 29 = -3*l - 38, 17 = -l + 2*d. Let r(o) = -o**3 - 22*o**2 - 25*o + 16. What is the hundreds digit of r(l)?
1
Let y(i) = 4*i**2 + 7*i + 6. Let t be y(-1). Suppose 33 = -4*v - 191. What is the units digit of v/(-24)*t*3?
1
Let p be (2/5)/(2/10). Suppose -h - 26 = -p*i + i, -3*i + 92 = 4*h. What is the units digit of i?
8
Suppose 0 = 5*t - 2*d - 14, -2*t + 4*d - 2 - 2 = 0. Let s be (0 + 2)*-2*96. What is the tens digit of s/(-28) + t/14?
1
Suppose 3452 = 33*v - 29*v. What is the units digit of v?
3
Let i(l) = l**2 + 53. What is the hundreds digit of i(9)?
1
What is the tens digit of 2*(-1 - -1 - -193)?
8
Suppose 35*p = 16791 + 1724. What is the units digit of p?
9
Suppose -4*d - 1203 = -5*o + 2212, d = -5*o + 3390. What is the hundreds digit of o?
6
Suppose -3*l = -4*m + 1436, 0*l + 2*l + 1795 = 5*m. Let k = 137 - m. What is the tens digit of (-4)/(-14) - k/7?
3
Suppose -4*z + 2 = -5*z. Let v(s) = s**3 - 1. Let j(b) = b**3 - 6*b**2 - b + 4. Let l(g) = z*v(g) + j(g). What is the units digit of l(-6)?
2
Let x(k) = k + 3. Let v be 1 + 1 + 0/6. Let z be v*-6*12/(-18). What is the units digit of x(z)?
1
Let c(d) = 2*d**3 + 23*d**2 - 33*d - 7. Let n(t) = t**3 + 11*t**2 - 16*t - 3. Let p(o) = -4*c(o) + 9*n(o). What is the tens digit of p(-8)?
3
What is the tens digit of (-7 - -57) + ((-30)/5 - -5)?
4
Suppose 6 + 2 = -2*t. Let d = t + 7. Suppose -3*n - 60 = -d*x, 3*n + 0*n = -5*x + 60. What is the units digit of x?
5
Suppose -5*f + w = 60, -4*f = -2*f + w + 17. Let r = f + 16. Suppose -o - r*m - 105 = -6*o, -5*m - 41 = -o. What is the tens digit of o?
1
Suppose 11*p + 16 = 3*p. What is the units digit of 23/(p + (-15)/(-5))?
3
Let g(v) = -v**3 + v**2 + v + 1. Let x be g(3). Suppose 7*z + 116 = -80. Let n = x - z. What is the tens digit of n?
1
Let l = 0 - -7. Suppose 4*d + 8 = -5*b - l, 0 = -d + 3*b + 9. What is the tens digit of -3 - (d - (-4 - -17))?
1
Suppose 0 = 6*n + 35 - 35. Let r(j) = -j**3 + j**2 + 2*j + 2. Let m be r(-3). Suppose n = 3*i - m - 85. What is the tens digit of i?
3
Suppose -25*m - 7254 = -31*m. What is the hundreds digit of m?
2
Suppose -34330 = 24*h - 156442. What is the units digit of h?
8
Suppose 0 = -6*x + 8*x - 314. Let b = x + -74. What is the tens digit of b?
8
Let h(l) = -l**2 - 6*l - 3. Let n be h(-5). Suppose 0 = n*o - 21 - 145. What is the tens digit of o?
8
What is the hundreds digit of -12*66/12*(-26)/6?
2
Suppose 3*k - 15 - 360 = 0. Suppose -2*m = -w - k, 0 = -0*w + 5*w - 25. What is the units digit of m?
5
What is the units digit of (-6 - (0 + -71))*(-232)/(-10)?
8
Suppose 5*s - 15 = 2*f, -5*f + s = 3*s - 6. Suppose 2*k + f*k = -5*h - 12, 5*k - 4 = -4*h. What i